**7/1260 - d**6/720 + d**5/60 - d**3/2 - d**2 - 100*d. Let w(z) be the third derivative of x(z). Give w(3).
-34
Let n be 30/(-8) + 33/44. Let k(a) be the second derivative of a**4/12 + a**3/6 + 2*a**2 - 86*a. Give k(n).
10
Let i(n) be the second derivative of -n**3/3 - 19*n**2/2 - n. Let p = -45785 + 45778. Determine i(p).
-5
Let n(a) be the first derivative of a**3/3 - 4*a**2 + 8*a + 35. Let q be (4/12)/((-2)/(-150)). Suppose 6*l = 17 + q. Determine n(l).
1
Let j = -20 - -22. Let x(y) = -y**2 + 6*y - 7. Suppose 4*k - 239 = -259. Let s(b) = -b**2 + 5*b - 6. Let v(q) = k*x(q) + 6*s(q). Determine v(j).
-5
Let u = -14 + 28. Suppose -u*l = -10*l - 16. Let r(h) = -11*h**3 + 5*h + 12*h**3 + 1 - 2 - 5*h**2. What is r(l)?
3
Let c(s) = -6*s + 29. Let r be c(4). Let p(z) = -340 - z**2 + 337 - r*z + 2*z**2. What is p(8)?
21
Let s(n) be the second derivative of n**8/6720 + n**7/630 - n**6/180 - n**5/40 - 71*n**4/12 - n - 37. Let d(x) be the third derivative of s(x). Determine d(-5).
-8
Let k(a) = 5*a + 335 - 108 - 24*a - 183. What is k(8)?
-108
Let b = -127 - -78. Let j = b + 52. Let t(s) = 3 - 2*s**3 + 2*s**3 - s**j + 2*s**3. Give t(0).
3
Suppose -l - 10 = 4*w, 136*l - 5*w = 135*l + 26. Let u(r) be the first derivative of r**4/4 - 7*r**3/3 + 3*r**2/2 + 4*r - 1. Determine u(l).
-14
Suppose -2*y - 30 = -2*p, 7 = y + 3*p - 2*p. Let s(h) = 3*h**2 + 5*h - 3. Let j(k) = -2*k**2 - 4*k + 2. Let t(r) = -6*j(r) - 5*s(r). Calculate t(y).
-41
Let s(a) = 2*a - 29. Suppose -70 = 3*t - 5*b, -2*t + 2*b - 33 = 3. Calculate s(t).
-49
Suppose -8*o + 15*o = 16*o + 108. Let p(l) = l**2 - l. Let i(u) = 5*u**2 + 8*u - 3. Let b(a) = -i(a) + 4*p(a). Give b(o).
3
Let q(c) = c**3 + c**2 + c - 1. Let i(d) = -5*d + 99. Let w be i(20). Let h(l) = -3*l**3 - 9*l**2 - 6*l + 2. Let z(g) = w*h(g) - 4*q(g). Calculate z(6).
-22
Let m(s) = 1. Let l(o) = -5*o + 7. Let d be 2 + 0/((4*-1)/(-4)). Suppose d = -i + 16. Let c(j) = i*m(j) - 2*l(j). Determine c(1).
10
Let t(m) = -27*m**3 - m + 3. Let v = -13533 - -13534. Calculate t(v).
-25
Let o(j) = j**2 - 11*j + 3. Let a(u) be the second derivative of -u**5/20 - 9*u**4/4 - 8*u**3 + 31*u**2 + 200*u. Let x be a(-25). What is o(x)?
15
Let d(w) be the first derivative of -w**2 - 4*w + 1. Suppose -448*r - 168 = -504*r. What is d(r)?
-10
Let k(q) = -q**3 - 4*q**2 - 3*q - 4. Suppose 0 = 54*r - 15*r - 585. Let i(u) = -u**3 + u**2 - 5. Let a be i(0). Let y be -1 + r/a + 0. Determine k(y).
8
Let s = 5070 + -5085. Let h(l) = -l**3 - 16*l**2 - 16*l - 21. What is h(s)?
-6
Let p(d) = -d**3 + d**2 - 2*d - 16. Let k(q) = q**3 + 9*q**2 - 7*q + 47. Let r(a) = k(a) + 2*p(a). Give r(10).
5
Suppose -3*h = -9*l + 5*l - 112, 5*l + 110 = 3*h. Let w(s) = -4 - 1 + 82*s - h*s - 41*s. Let t be 1/(-4) - (-50)/8. Give w(t).
1
Suppose 0 = -7*m + 5 + 9. Suppose -1 = 2*f + r, m*r - 8 = 3*f + 4. Let k(q) = 98*q - 192*q + 0 + 95*q - q**2 + 2. What is k(f)?
-4
Let d(s) = s**2 - s. Let a(z) = -z**3 - 2*z**2 - 13*z - 1. Let r(n) = a(n) - 6*d(n). Let g = -42 - -27. Let o = -22 - g. Determine r(o).
-1
Let q(g) = 2 - 3 - g**2 + 2*g**3 + 2. Let h = -59 + 62. Suppose 4 = -4*n - 2*v, -3*n - 4*v + 2*v - h = 0. Give q(n).
-2
Let i = 13529 - 13526. Let f(j) = 4*j**3 + 2*j**2 - j - 2. Let z be f(2). Suppose z = -9*x + i*x. Let n(v) = -2*v - 5. Determine n(x).
7
Let q(w) = -2*w + 9. Let v(d) = 6*d + 47. Let m(p) = -6*q(p) + v(p). What is m(3)?
47
Let n(p) be the first derivative of -p**6/120 - p**5/30 - p**4/12 - 2*p**3/3 - 3*p**2/2 - 14*p - 32. Let a(g) be the second derivative of n(g). Calculate a(-3).
11
Let u(a) = -a**2 - 3*a + 6. Let m be u(-4). Let n(r) = -r**2 + 3*r - 1. Determine n(m).
1
Suppose 5*n = -5*x - 160, -3*x + 65 = -5*x - n. Let u = x - -36. Let q be (-4 - 3) + (u - 0). Let k(v) = v**3 + 4*v**2 - 4. Determine k(q).
-4
Let u(h) = -h**2 - h + 7. Let n be 2 - (5 + 1 + -7). Calculate u(n).
-5
Let p(v) be the third derivative of 1/60*v**5 + 1/720*v**6 + 0*v + 0 + 18*v**2 + 11/8*v**4 + 0*v**3. Let r(j) be the second derivative of p(j). Give r(-7).
-5
Let l(z) be the first derivative of z**4/8 + 5*z**3/3 - 127*z**2/2 - 58. Let k(o) be the second derivative of l(o). What is k(-4)?
-2
Let d(o) = o + 32. Let f be d(-8). Suppose 7*y = -y - f. Let b(n) = 5*n + 3. What is b(y)?
-12
Suppose -512*v + 21 = -513*v. Let r be (36/v)/(16/56). Let z(g) = g + 4. Determine z(r).
-2
Let p(s) = -s**3 - 6*s**2 - 1. Let u(y) = y**3 - y**2 + 2*y - 10. Let x be u(0). Let w be -6*(-10)/15 + x. Give p(w).
-1
Let u(j) = 57*j - 3. Let x(q) = 59*q - 68. Let h(t) = -2*u(t) + 2*x(t). Determine h(37).
18
Let j(g) = 25*g - 207. Let b be j(9). Let w(t) = b*t - 23*t - 4*t - 1 + 6*t - t. Calculate w(-2).
7
Let k = 884 + -882. Let c(w) be the third derivative of 1/6*w**3 + 0 + 0*w + 5/24*w**4 + 12*w**k. Give c(1).
6
Let p(b) = -25*b**3 - b - 1. Let o be 9/(-15) - 1 - (-63)/105. What is p(o)?
25
Let q(w) = -w**3 + 10*w**2 + 2*w. Suppose 67*m = 65 + 471. Let o be (m - 3)*(-2)/(-1). Calculate q(o).
20
Let v(n) = n**2 - 21*n + 60. Suppose -2*r + 35 = -l, 32*r = 27*r - 5*l + 80. Give v(r).
-8
Suppose 0 = m + 3*n - 4*n, -4*m = -2*n - 6. Let b(k) be the first derivative of 2*k - 3/2*k**2 + 25 - 1/3*k**3. Calculate b(m).
-16
Let z = 432 + -428. Let o be ((-44)/66)/(z/18). Let g(b) = -2*b + 4. Calculate g(o).
10
Let i(h) = -4*h + 0*h + 48 - 2*h**2 - h + 3*h. Let y be i(0). Suppose 6*f + y = 14*f. Let d(p) = -p**2 + 6*p - 1. What is d(f)?
-1
Let y be (1 + -3 - 3) + -4. Let g(v) be the third derivative of -v**6/120 - 3*v**5/20 + v**4/24 + v**3/2 - 1374*v**2. Give g(y).
-6
Let m(b) be the third derivative of b**6/120 + 13*b**5/60 + 43*b**4/24 + 28*b**3/3 + 1143*b**2 - 1. Give m(-9).
-7
Let j(y) = y**3 + 6*y**2 - 2*y - 12. Suppose 37 = -16*d + 9 - 52. Determine j(d).
23
Let r(n) = 32*n**2 - 903*n + 82. Let c(t) = -13*t**2 + 371*t - 33. Let o(d) = 12*c(d) + 5*r(d). Give o(15).
-31
Suppose -384 = -35*k - 244. Let i(m) = 16*m - 14. Determine i(k).
50
Let k be 1*(-39)/(-9) + (-4)/12. Suppose 4*y = 3*u + 20, -5*u - 4*y + 5*y - 5 = 0. Suppose u*i = k*i + 32. Let p(l) = l**3 + 8*l**2 + l + 7. Calculate p(i).
-1
Let k(o) = -o**2 + o + 5. Let g(w) = 12*w - 104. Let d(z) = 13*z - 103. Let r(t) = -3*d(t) + 2*g(t). Let u be r(7). Give k(u).
-15
Let n(o) = 4*o**3 + 2*o**2 + o. Let h(u) = u**2 - u + 3. Let a be h(2). Suppose a = -4*y + 1. Give n(y).
-3
Let r(a) = -9*a + 452. Let q(x) = -5*x + 246. Let u(t) = -11*q(t) + 6*r(t). Let m(w) = -w. Let f be m(-3). Determine u(f).
9
Let i(r) be the second derivative of r**6/180 - r**5/60 - 25*r**4/4 - 19*r. Let d(w) be the third derivative of i(w). What is d(6)?
22
Let w(f) = 5*f - 115 + 60 + 58. Let l be 2*(3/2 - 4). Let q(y) = 9*y + 7. Let v(h) = l*w(h) + 2*q(h). Calculate v(-3).
20
Suppose 9*x = 52 - 16. Let f(m) = 16*m - 1. Calculate f(x).
63
Let l(d) = d + 3. Let v = 5348 - 5342. What is l(v)?
9
Let l(m) = 20*m + 101. Let g be l(-5). Let v(a) = -3*a + 13*a + 1 - 6*a - g. What is v(-2)?
-8
Suppose d = 4 - 1. Let h(i) = 14*i - 13. Let t(c) = 16*c - 15. Let s(l) = -7*h(l) + 6*t(l). Give s(d).
-5
Let y(o) = o**3 - 2*o**2 + o + 10. Suppose -3*c + 83 = 74. Give y(c).
22
Let y(l) = -39*l - 1. Let x(s) = s**3 - 12*s**2 + 21*s - 4. Let a be x(10). Let v(q) = q**3 - 6*q**2 + 1. Let h be v(a). Calculate y(h).
-40
Let l(f) be the first derivative of f**4/4 + f**3 - 3*f**2/2 + 3*f - 30. Let p be l(2). Suppose -p*u = -12*u - 35. Let j(i) = -i**2 + 5*i + 9. Calculate j(u).
-5
Suppose 29*c + 4*n + 4 = 31*c, 3*c - n = 26. Let h(k) = k**3 - 9*k**2 - 7*k - 24. What is h(c)?
6
Let f(p) = p**2 - 5*p - 1. Let l = -45 - -47. Suppose -65 = 4*m - u + 70, l*u = 3*m + 95. Let w = m + 39. Give f(w).
-5
Let f be 6 + 9/(-27)*-1*21. Let w(a) = a - 10. What is w(f)?
3
Let b(v) = -v**3 + 7*v**2 - 5*v - 7. Let q be (7/7)/(-1)*(1 + 100). Let f = 104 + q. Suppose 24 = 5*r + 3*y, -2*r + f*y = 6*y - 6. Calculate b(r).
-1
Let n(p) = -p + 1. Let w(g) be the third derivative of -g**6/120 - 11*g**5/60 + 13*g**4/12 + g**3 + 54*g**2. Let d be w(-13). Determine n(d).
-5
Let n(s) be the second derivative of -s**6/360 - s**5/30 + 45*s**4/2 + 6*s + 15. Let p(c) be the third derivative of n(c). Determine p(-1).
-2
Suppose i - 2*i - 2 = 0. Let g(v) be the second derivative of -1/2*v**3 + 34*v + 0*v**2 + 0 - 1/4*v**4. What is g(i)?
-6
Let m(x)